178412. Give g(24).
52
Let v(q) = -20291*q + 202886. Determine v(10).
-24
Let g(i) = 5*i**3 - 74*i**2 + 254*i - 2. What is g(4)?
150
Let m(u) = -370*u**3 + 320*u**2 + 6*u - 6. Give m(1).
-50
Let p(l) = 52*l**3 - 2809*l**2 + 27*l + 1482. Give p(54).
24
Let f(i) = i**3 - 23*i**2 - 7*i - 334. Determine f(0).
-334
Let a(t) = 3122*t + 62423. What is a(-20)?
-17
Let j(w) = 321*w**2 - 675*w + 6. Determine j(2).
-60
Let s(y) = 534*y**3 + 4*y**2 + 56*y + 53. What is s(-1)?
-533
Let l(t) = -894535*t + 16996174. Determine l(19).
9
Let g(r) = r**3 - 94*r**2 - 13954*r + 5923. Determine g(174).
7
Let c(g) = g + 786. What is c(-141)?
645
Let q(f) = f**3 - 17*f**2 - 119*f - 51. Calculate q(-5).
-6
Let l(x) = -8*x**3 + 27*x**2 + 667*x - 1975. Determine l(3).
53
Let c(z) = -1043*z - 9587. Give c(-9).
-200
Let q(h) = 575*h**2 - 3487*h - 159. Determine q(6).
-381
Let q(f) = 7*f**3 - 53*f**2 + 14591*f - 116942. Determine q(8).
-22
Let v(g) = 6*g**2 - 770*g + 21452. Calculate v(87).
-124
Let n(b) = -128*b + 56966. Give n(445).
6
Let m(z) = z**3 + 6*z**2 - 805*z + 33. What is m(-31)?
963
Let o(d) = -102591*d - 18363797. Determine o(-179).
-8
Let g(l) = -l**2 - 365*l + 2587. What is g(7)?
-17
Let v(z) = -5*z**2 + 22*z + 861. Give v(-18).
-1155
Let q(j) = -25*j**3 + 459*j**2 + 19183*j + 63. Calculate q(-20).
3
Let d(j) = 1507*j + 183691. Calculate d(-122).
-163
Let u(h) = -h**2 + 1241*h + 13794. Calculate u(-11).
22
Let f(y) = y**3 - 23*y**2 - 184*y + 215. What is f(29)?
-75
Let k(i) = 5*i**2 - 550*i + 12758. Determine k(67).
-1647
Let k(r) = 504*r - 91929. Give k(182).
-201
Let q(m) = 76*m**2 - 3460*m + 18035. What is q(6)?
11
Let z(g) = 4*g**2 - 1427*g - 19410. Calculate z(370).
200
Let j(o) = -o**3 - 32*o**2 + 18*o - 188. Determine j(-33).
307
Let o(s) = -s**3 + 30*s**2 + 2469*s + 504. Give o(67).
-166
Let m(h) = 3*h**3 + 590*h**2 + 409*h + 3325. Give m(-196).
-7
Let v(h) = 2*h**2 - 28*h + 375. Calculate v(16).
439
Let n(d) = -3*d**2 + 749*d + 8041. Calculate n(260).
-19
Let l(a) = -a**2 - 733*a + 19799. Give l(29).
-2299
Let x(r) = -2*r**2 + 373*r - 8501. What is x(26)?
-155
Let q(r) = 321*r - 1296. What is q(5)?
309
Let g(u) = 1120*u - 90834. What is g(81)?
-114
Let o(p) = -p**3 + 65*p**2 + 188*p + 537. Calculate o(68).
-551
Let b(o) = -2*o**2 + 767*o - 59834. Calculate b(109).
7
Let f(d) = -255*d + 85404. Determine f(334).
234
Let k(a) = -3*a**3 + 112*a**2 - 786*a - 1379. Determine k(27).
-2
Let z(b) = -7688*b + 61496. What is z(8)?
-8
Let i(d) = -3*d**3 - 1555*d**2 + 65222*d - 551. Calculate i(39).
-5
Let t(g) = g**2 - 2610*g - 68592. What is t(-26)?
-56
Let r(b) = 543*b + 165114. Calculate r(-304).
42
Let s(f) = -f**2 + 733*f + 96516. Calculate s(-114).
-42
Let p(v) = v**3 + 293*v**2 + 8165*v + 72333. Calculate p(-263).
8
Let a(v) = 27*v**2 - 2587*v - 441. Give a(96).
39
Let o(j) = -301*j - 1552. Determine o(-4).
-348
Let a(t) = -t**3 + 35*t**2 + 58*t - 106. Calculate a(35).
1924
Let s(v) = -4*v**2 + 353*v + 270. Give s(89).
3
Let f(l) = -5*l**2 - 534*l - 13605. Determine f(-65).
-20
Let i(y) = 1333*y - 40416. Give i(31).
907
Let u(w) = -w**3 + 22*w**2 + 828*w + 2808. What is u(-17)?
3
Let c(l) = 8755*l + 288883. Determine c(-33).
-32
Let m(n) = -n**3 + 84*n**2 - 182*n + 2698. Give m(82).
1222
Let s(j) = j**2 - 66*j - 2320. Determine s(92).
72
Let v(p) = 303*p - 3820. Determine v(10).
-790
Let y(r) = 2258*r - 49126. Calculate y(22).
550
Let p(o) = -28*o**2 + 1194*o - 7451. Give p(35).
39
Let d(b) = -2516*b - 18111. What is d(-8)?
2017
Let h(q) = -3*q**3 + 296*q**2 + 108*q + 304. Determine h(99).
1195
Let d(b) = 1959*b - 76346. What is d(39)?
55
Let y(n) = n**3 - 14*n**2 + 45*n - 148. Give y(12).
104
Let w(q) = 2450*q - 38138. Give w(17).
3512
Let y(d) = 2*d**2 - 2095*d - 91524. Give y(-42).
-6
Let i(s) = s**3 + 64*s**2 + 486*s + 612. Calculate i(-7).
3
Let r(f) = f**3 + 1003*f**2 + 13857*f + 158. Determine r(-14).
4
Let u(w) = -21*w**2 - 2736*w - 11341. Determine u(-126).
-1
Let h(v) = v**3 + 4*v**2 - 111*v - 31. Determine h(9).
23
Let k(g) = -g**3 + 9*g**2 - 11*g - 31. Give k(8).
-55
Let d(z) = 354*z**2 - 4238*z - 92. Calculate d(12).
28
Let b(i) = i**3 + 73*i**2 + 352*i - 3347. What is b(-67)?
3
Let o(w) = -10*w**2 - 379*w + 128. Determine o(-37).
461
Let c(p) = 7*p**2 + 3313*p + 115799. Determine c(-38).
13
Let s(c) = -3*c**3 - 13*c**2 - 184*c - 793. What is s(-5)?
177
Let h(r) = -r**2 + 188858*r - 566562. What is h(3)?
3
Let b(i) = -5*i**3 - 1947*i**2 - 2710*i + 2340. Determine b(-388).
12
Let q(d) = -d**3 + 113*d**2 - 1553*d + 132. Determine q(97).
35
Let f(t) = t**3 + 156*t**2 - 150*t + 533. Calculate f(-157).
-566
Let h(y) = y**2 + 2170*y + 36573. Calculate h(-17).
-28
Let n(s) = -s**3 + 13*s**2 - 87*s + 27. What is n(6)?
-243
Let l(r) = r**3 + 78*r**2 - 1043*r - 76165. Calculate l(-79).
-9
Let n(z) = 123640*z + 247284. Give n(-2).
4
Let z(h) = 144*h**2 + 10356*h - 10499. Determine z(1).
1
Let u(k) = k**2 + 14233*k + 596008. Determine u(-42).
-14
Let h(d) = -d**3 - 121*d**2 + 11814*d + 1432066. Calculate h(-120).
-14
Let q(p) = 3*p**3 - 387*p**2 + 12450*p - 372. What is q(68)?
36
Let a(n) = 11*n**2 - 2045*n + 70779. Give a(46).
-15
Let x(v) = -4237*v + 194791. What is x(46)?
-111
Let a(n) = -n**3 + 16*n**2 - 493*n + 11504. What is a(20)?
44
Let c(v) = -v**2 + 246*v + 1323. Calculate c(-5).
68
Let d(q) = -39*q**2 - 1143*q - 8846. Determine d(-8).
-2198
Let v(l) = l**3 - 32*l**2 + 255*l - 147. Determine v(17).
-147
Let d(m) = -m**2 - 184*m - 8418. Give d(-101).
-35
Let a(m) = -m**3 + 126*m**2 + 256*m - 101. Calculate a(128).
-101
Let u(n) = -6*n**3 + 38*n**2 - 107*n + 23. Calculate u(4).
-181
Let g(t) = 1054*t - 9420. Calculate g(9).
66
Let v(p) = p**3 + 93*p**2 + 47*p - 4175. Determine v(-92).
-35
Let l(i) = 56*i**2 + 2261*i + 846. What is l(-40)?
6
Let j(i) = -3*i**2 - 1767*i - 29814. Give j(-17).
-642
Let k(g) = 2*g**2 - 369*g - 44703. Determine k(268).
53
Let f(u) = 44*u - 747. What is f(13)?
-175
Let t(k) = 22652*k + 180840. What is t(-8)?
-376
Let v(s) = -8446*s + 42253. Give v(5).
23
Let f(a) = -26*a**2 + 4481*a - 170. Give f(172).
1378
Let p(o) = -o**3 + 109*o**2 - 893*o - 53. What is p(9)?
10
Let k(f) = -5*f**2 - 49096*f - 196317. What is k(-4)?
-13
Let b(r) = 169*r**2 + 1259*r + 526. What is b(-7)?
-6
Let f(u) = -1750*u**2 + 8747*u + 19. Calculate f(5).
4
Let p(i) = -3415*i - 659267. Give p(-193).
-172
Let l(n) = -6*n**3 - 29*n**2 + 32*n + 115. Calculate l(-4).
-93
Let w(y) = y**3 + 25*y**2 + 157*y + 262. Give w(-9).
145
Let w(d) = -288*d + 40177. Give w(139).
145
Let q(h) = 4079*h - 4951947. Calculate q(1214).
-41
Let d(u) = 5*u**3 + 551*u**2 + 110*u + 17. Give d(-110).
17
Let c(a) = 5*a**2 - 1230*a + 7257. Determine c(6).
57
Let r(a) = -3*a**2 - 94*a + 745. What is r(-40)?
-295
Let v(u) = -163*u**3 + u**2 - 56678*u + 56676. Determine v(1).
-164
Let p(f) = f**3 + 50*f**2 - 124*f + 5038. Give p(-54).
70
Let z(v) = 2*v**2 - 67*v + 1116. Give z(18).
558
Let f(g) = g**3 + 38*g**2 - 74*g - 843. Give f(-4).
-3
Let o(x) = 63*x**2 - 827*x + 277. Determine o(13).
173
Let p(d) = -66*d**3 - 40*d**2 - 39*d + 2. What is p(-1)?
67
Let q(i) = -13221*i + 436295. What is q(33)?
2
Let j(l) = l**3 + 672*l**2 - 11003*l - 147. What is j(16)?
-67
Let p(s) = 480*s - 50111. What is p(101)?
-1631
Let i(a) = -51526*a + 10253675. Calculate i(199).
1
Let w(s) = 179*s + 4262. Calculate w(-28).
-750
Let u(k) = 3*k**3 - 12*k**2 - 262*k + 1278. Determine u(5).
43
Let y(m) = 56*m + 5346. Give y(-94).
82
Let k(p) = 19*p**3 + 8*p**2 + 6*p - 4. What is k(2)?
192
Let x(b) = -2705*b**3 + 9*b**2 + 10*b - 3. Calculate x(-1).
2701
Let g(s) = s**3 - 30*s**2 - 18818*s + 110. Calculate g(-123).
-13
Let h(s) = s**3 + s**2 - 5201*s - 46168. Give h(-9).
-7
Let p(h) = -48*h**3 - 2015*h**2 + 74*h + 1356. Calculate p(-42).
12
Let w(b) = -3*b**3 + 272*b**2 + 140*b - 4518. Calculate w(91).
-59
Let u(t) = -81*t**3 + 326*t**2 + t - 24. Give u(4).
12
Let j(d) = -863*d + 227967. Give j(265).
-728
Let b(l) = -l**3 - 15*l**2 + 93*l + 70. Give b(-19).
-253
Let a(t) = -7*t**3 - 11*t**2 - 587*t + 1760. Calculate a(3).
-289
Let u(o) = o**3 - 4*o**2 + 305*o + 1761. Determine u(-5).
11
Let h(s) = s**2 - 495*s - 7093. Determine h(-14).
33
Let i(u) = 448897*u - 17955883. Determine i(40).
-3
Let s(z) = -5